{"id":114,"date":"2016-05-14T19:46:04","date_gmt":"2016-05-14T22:46:04","guid":{"rendered":"http:\/\/projetoame.org\/?page_id=114"},"modified":"2021-09-29T17:27:41","modified_gmt":"2021-09-29T20:27:41","slug":"cadastre-seu-evento","status":"publish","type":"page","link":"https:\/\/projetoame.org\/home\/cadastre-seu-evento\/","title":{"rendered":"Cadastre seu evento"},"content":{"rendered":"<div id=\"usermessage3a\" class=\"cf_info \"><\/div><form enctype=\"multipart\/form-data\" action=\"\/home\/wp-json\/wp\/v2\/pages\/114#usermessage3a\" method=\"post\" class=\"cform cformsdirect evento \" id=\"cforms3form\"><fieldset class=\"cf-fs1\" style=\"\"><legend>INTERESSE EM CONTRATAR ATENDENTES<\/legend><ol class=\"cf-ol\"><li id=\"li-3-2\" class=\"\"><label id=\"label-3-2\" for=\"cf3_field_2\"><span>Evento<\/span><\/label><input type=\"text\" name=\"cf3_field_2\" id=\"cf3_field_2\" class=\"single\" value=\"nome do evento\" title=\"\"\/><\/li><li id=\"li-3-3\" class=\"\"><label id=\"label-3-3\" for=\"cf3_field_3\"><span>Seu Nome<\/span><\/label><input type=\"text\" name=\"cf3_field_3\" id=\"cf3_field_3\" class=\"single fldrequired\" value=\"nome do contato\" onfocus=\"clearField(this)\" onblur=\"setField(this)\" title=\"\"\/><span class=\"reqtxt\">(obrigat\u00f3rio)<\/span><\/li><li id=\"li-3-4\" class=\"\"><label id=\"label-3-4\" for=\"cf3_field_4\"><span>Data in\u00edcio<\/span><\/label><input  type=\"date\" name=\"cf3_field_4\" id=\"cf3_field_4\" class=\"\" value=\"\" title=\"\"\/><\/li><li id=\"li-3-5\" class=\"\"><label id=\"label-3-5\" for=\"cf3_field_5\"><span>Data final<\/span><\/label><input  type=\"date\" name=\"cf3_field_5\" id=\"cf3_field_5\" class=\"\" value=\"\" title=\"\"\/><\/li><li id=\"li-3-6\" class=\"\"><label id=\"label-3-6\" for=\"cf3_field_6\"><span>Email<\/span><\/label><input  type=\"email\" name=\"cf3_field_6\" id=\"cf3_field_6\" class=\"\" value=\"\" title=\"\"\/><\/li><li id=\"li-3-7\" class=\"\"><label id=\"label-3-7\" for=\"cf3_field_7\"><span>Telefone<\/span><\/label><input placeholder=\"(00) 00000-0000\" required=\"required\"  type=\"tel\" name=\"cf3_field_7\" id=\"cf3_field_7\" class=\" fldrequired\" value=\"\" title=\"\"\/><span class=\"reqtxt\">(obrigat\u00f3rio)<\/span><\/li><li id=\"li-3-8\" class=\"\"><label id=\"label-3-8\" for=\"cf_uploadfile3-8\"><span>Folheto\/info adicionais<\/span><\/label><input type=\"file\" name=\"cf_uploadfile3[]\" id=\"cf_uploadfile3-8\" class=\"cf_upload upload\" title=\"\"\/><\/li><li id=\"li-3-9\" class=\"\"><label id=\"label-3-9\" for=\"cf3_field_9\"><span>Mais detalhes sobre o evento<\/span><\/label><textarea cols=\"30\" rows=\"8\" name=\"cf3_field_9\" id=\"cf3_field_9\" class=\"area\" title=\"\"><\/textarea><\/li><\/ol><\/fieldset><fieldset class=\"cf_hidden\"><legend>&nbsp;<\/legend><input type=\"hidden\" name=\"cf_working3\" id=\"cf_working3\" value=\"Um momento por favor...\"\/><input type=\"hidden\" name=\"cf_failure3\" id=\"cf_failure3\" value=\"Preencha todos os campos obrigat\u00f3rios.\"\/><input type=\"hidden\" name=\"cf_customerr3\" id=\"cf_customerr3\" value=\"y\"\/><\/fieldset><p class=\"cf-sb\"><input type=\"submit\" name=\"sendbutton3\" id=\"sendbutton3\" class=\"sendbutton\" value=\"Enviar\" \/><\/p><\/form>\n","protected":false},"excerpt":{"rendered":"","protected":false},"author":1,"featured_media":0,"parent":0,"menu_order":0,"comment_status":"closed","ping_status":"closed","template":"","meta":{"rop_custom_images_group":[],"rop_custom_messages_group":[],"rop_publish_now":"initial","rop_publish_now_accounts":{"facebook_10207864950338537_449425221917109":"","twitter_1016740359999754241_1016740359999754241":""},"rop_publish_now_history":[],"rop_publish_now_status":"pending","_joinchat":[],"footnotes":""},"class_list":["post-114","page","type-page","status-publish","hentry"],"yoast_head":"<!-- This site is optimized with the Yoast SEO plugin v26.0 - https:\/\/yoast.com\/wordpress\/plugins\/seo\/ -->\n<title>Cadastre seu evento - Projeto A. M. E.<\/title>\n<meta name=\"robots\" content=\"index, follow, max-snippet:-1, max-image-preview:large, max-video-preview:-1\" \/>\n<link rel=\"canonical\" href=\"https:\/\/projetoame.org\/home\/cadastre-seu-evento\/\" \/>\n<meta property=\"og:locale\" content=\"pt_BR\" \/>\n<meta property=\"og:type\" content=\"article\" \/>\n<meta property=\"og:title\" content=\"Cadastre seu evento - Projeto A. M. E.\" \/>\n<meta property=\"og:url\" content=\"https:\/\/projetoame.org\/home\/cadastre-seu-evento\/\" \/>\n<meta property=\"og:site_name\" content=\"Projeto A. M. E.\" \/>\n<meta property=\"article:publisher\" content=\"https:\/\/www.facebook.com\/projetoatendentesmuitoespeciais\" \/>\n<meta property=\"article:modified_time\" content=\"2021-09-29T20:27:41+00:00\" \/>\n<meta name=\"twitter:card\" content=\"summary_large_image\" \/>\n<meta name=\"twitter:site\" content=\"@projetoameorg\" \/>\n<meta name=\"twitter:label1\" content=\"Est. tempo de leitura\" \/>\n\t<meta name=\"twitter:data1\" content=\"1 minuto\" \/>\n<script type=\"application\/ld+json\" class=\"yoast-schema-graph\">{\"@context\":\"https:\/\/schema.org\",\"@graph\":[{\"@type\":\"WebPage\",\"@id\":\"https:\/\/projetoame.org\/home\/cadastre-seu-evento\/\",\"url\":\"https:\/\/projetoame.org\/home\/cadastre-seu-evento\/\",\"name\":\"Cadastre seu evento - Projeto A. M. E.\",\"isPartOf\":{\"@id\":\"https:\/\/projetoame.org\/home\/#website\"},\"datePublished\":\"2016-05-14T22:46:04+00:00\",\"dateModified\":\"2021-09-29T20:27:41+00:00\",\"breadcrumb\":{\"@id\":\"https:\/\/projetoame.org\/home\/cadastre-seu-evento\/#breadcrumb\"},\"inLanguage\":\"pt-BR\",\"potentialAction\":[{\"@type\":\"ReadAction\",\"target\":[\"https:\/\/projetoame.org\/home\/cadastre-seu-evento\/\"]}]},{\"@type\":\"BreadcrumbList\",\"@id\":\"https:\/\/projetoame.org\/home\/cadastre-seu-evento\/#breadcrumb\",\"itemListElement\":[{\"@type\":\"ListItem\",\"position\":1,\"name\":\"In\u00edcio\",\"item\":\"https:\/\/projetoame.org\/home\/\"},{\"@type\":\"ListItem\",\"position\":2,\"name\":\"Cadastre seu evento\"}]},{\"@type\":\"WebSite\",\"@id\":\"https:\/\/projetoame.org\/home\/#website\",\"url\":\"https:\/\/projetoame.org\/home\/\",\"name\":\"Projeto A. M. E.\",\"description\":\"Inclus\u00e3o social atrav\u00e9s da capacita\u00e7\u00e3o para o trabalho\",\"publisher\":{\"@id\":\"https:\/\/projetoame.org\/home\/#organization\"},\"potentialAction\":[{\"@type\":\"SearchAction\",\"target\":{\"@type\":\"EntryPoint\",\"urlTemplate\":\"https:\/\/projetoame.org\/home\/?s={search_term_string}\"},\"query-input\":{\"@type\":\"PropertyValueSpecification\",\"valueRequired\":true,\"valueName\":\"search_term_string\"}}],\"inLanguage\":\"pt-BR\"},{\"@type\":\"Organization\",\"@id\":\"https:\/\/projetoame.org\/home\/#organization\",\"name\":\"Projeto A. M. E.\",\"url\":\"https:\/\/projetoame.org\/home\/\",\"logo\":{\"@type\":\"ImageObject\",\"inLanguage\":\"pt-BR\",\"@id\":\"https:\/\/projetoame.org\/home\/#\/schema\/logo\/image\/\",\"url\":\"https:\/\/projetoame.org\/home\/wp-content\/uploads\/2022\/05\/cropped-logoAME160-marca.png\",\"contentUrl\":\"https:\/\/projetoame.org\/home\/wp-content\/uploads\/2022\/05\/cropped-logoAME160-marca.png\",\"width\":162,\"height\":50,\"caption\":\"Projeto A. M. E.\"},\"image\":{\"@id\":\"https:\/\/projetoame.org\/home\/#\/schema\/logo\/image\/\"},\"sameAs\":[\"https:\/\/www.facebook.com\/projetoatendentesmuitoespeciais\",\"https:\/\/x.com\/projetoameorg\"]}]}<\/script>\n<!-- \/ Yoast SEO plugin. -->","yoast_head_json":{"title":"Cadastre seu evento - Projeto A. M. E.","robots":{"index":"index","follow":"follow","max-snippet":"max-snippet:-1","max-image-preview":"max-image-preview:large","max-video-preview":"max-video-preview:-1"},"canonical":"https:\/\/projetoame.org\/home\/cadastre-seu-evento\/","og_locale":"pt_BR","og_type":"article","og_title":"Cadastre seu evento - Projeto A. M. E.","og_url":"https:\/\/projetoame.org\/home\/cadastre-seu-evento\/","og_site_name":"Projeto A. M. E.","article_publisher":"https:\/\/www.facebook.com\/projetoatendentesmuitoespeciais","article_modified_time":"2021-09-29T20:27:41+00:00","twitter_card":"summary_large_image","twitter_site":"@projetoameorg","twitter_misc":{"Est. tempo de leitura":"1 minuto"},"schema":{"@context":"https:\/\/schema.org","@graph":[{"@type":"WebPage","@id":"https:\/\/projetoame.org\/home\/cadastre-seu-evento\/","url":"https:\/\/projetoame.org\/home\/cadastre-seu-evento\/","name":"Cadastre seu evento - Projeto A. M. E.","isPartOf":{"@id":"https:\/\/projetoame.org\/home\/#website"},"datePublished":"2016-05-14T22:46:04+00:00","dateModified":"2021-09-29T20:27:41+00:00","breadcrumb":{"@id":"https:\/\/projetoame.org\/home\/cadastre-seu-evento\/#breadcrumb"},"inLanguage":"pt-BR","potentialAction":[{"@type":"ReadAction","target":["https:\/\/projetoame.org\/home\/cadastre-seu-evento\/"]}]},{"@type":"BreadcrumbList","@id":"https:\/\/projetoame.org\/home\/cadastre-seu-evento\/#breadcrumb","itemListElement":[{"@type":"ListItem","position":1,"name":"In\u00edcio","item":"https:\/\/projetoame.org\/home\/"},{"@type":"ListItem","position":2,"name":"Cadastre seu evento"}]},{"@type":"WebSite","@id":"https:\/\/projetoame.org\/home\/#website","url":"https:\/\/projetoame.org\/home\/","name":"Projeto A. M. E.","description":"Inclus\u00e3o social atrav\u00e9s da capacita\u00e7\u00e3o para o trabalho","publisher":{"@id":"https:\/\/projetoame.org\/home\/#organization"},"potentialAction":[{"@type":"SearchAction","target":{"@type":"EntryPoint","urlTemplate":"https:\/\/projetoame.org\/home\/?s={search_term_string}"},"query-input":{"@type":"PropertyValueSpecification","valueRequired":true,"valueName":"search_term_string"}}],"inLanguage":"pt-BR"},{"@type":"Organization","@id":"https:\/\/projetoame.org\/home\/#organization","name":"Projeto A. M. E.","url":"https:\/\/projetoame.org\/home\/","logo":{"@type":"ImageObject","inLanguage":"pt-BR","@id":"https:\/\/projetoame.org\/home\/#\/schema\/logo\/image\/","url":"https:\/\/projetoame.org\/home\/wp-content\/uploads\/2022\/05\/cropped-logoAME160-marca.png","contentUrl":"https:\/\/projetoame.org\/home\/wp-content\/uploads\/2022\/05\/cropped-logoAME160-marca.png","width":162,"height":50,"caption":"Projeto A. M. E."},"image":{"@id":"https:\/\/projetoame.org\/home\/#\/schema\/logo\/image\/"},"sameAs":["https:\/\/www.facebook.com\/projetoatendentesmuitoespeciais","https:\/\/x.com\/projetoameorg"]}]}},"_links":{"self":[{"href":"https:\/\/projetoame.org\/home\/wp-json\/wp\/v2\/pages\/114","targetHints":{"allow":["GET"]}}],"collection":[{"href":"https:\/\/projetoame.org\/home\/wp-json\/wp\/v2\/pages"}],"about":[{"href":"https:\/\/projetoame.org\/home\/wp-json\/wp\/v2\/types\/page"}],"author":[{"embeddable":true,"href":"https:\/\/projetoame.org\/home\/wp-json\/wp\/v2\/users\/1"}],"replies":[{"embeddable":true,"href":"https:\/\/projetoame.org\/home\/wp-json\/wp\/v2\/comments?post=114"}],"version-history":[{"count":1,"href":"https:\/\/projetoame.org\/home\/wp-json\/wp\/v2\/pages\/114\/revisions"}],"predecessor-version":[{"id":1170,"href":"https:\/\/projetoame.org\/home\/wp-json\/wp\/v2\/pages\/114\/revisions\/1170"}],"wp:attachment":[{"href":"https:\/\/projetoame.org\/home\/wp-json\/wp\/v2\/media?parent=114"}],"curies":[{"name":"wp","href":"https:\/\/api.w.org\/{rel}","templated":true}]}}