{"id":1413,"date":"2023-07-17T11:22:56","date_gmt":"2023-07-17T14:22:56","guid":{"rendered":"https:\/\/projetoame.org\/?page_id=1413"},"modified":"2023-07-17T11:22:57","modified_gmt":"2023-07-17T14:22:57","slug":"doar","status":"publish","type":"page","link":"https:\/\/projetoame.org\/home\/doar\/","title":{"rendered":"Doar"},"content":{"rendered":"\n<p>Fa\u00e7a sua doa\u00e7\u00e3o aos <strong>Atendentes Muito Especiais<\/strong> agora mesmo atrav\u00e9s da chaves PIX:<\/p>\n\n\n\n<p>CNPJ: 32.131.752\/0001-88<\/p>\n\n\n\n<p>admin@projetoame.org<\/p>\n\n\n\n<p>doar@projetoame.org<\/p>\n\n\n\n<p>doe@projetoame.org<\/p>\n\n\n\n<figure class=\"wp-block-image size-large\"><img loading=\"lazy\" decoding=\"async\" width=\"1024\" height=\"1024\" src=\"https:\/\/projetoame.org\/home\/wp-content\/uploads\/2023\/04\/CAMPANHA-PROJETO-AME-VAN-quadrado2-1024x1024.jpg\" alt=\"\" class=\"wp-image-1395\" srcset=\"https:\/\/projetoame.org\/home\/wp-content\/uploads\/2023\/04\/CAMPANHA-PROJETO-AME-VAN-quadrado2-1024x1024.jpg 1024w, https:\/\/projetoame.org\/home\/wp-content\/uploads\/2023\/04\/CAMPANHA-PROJETO-AME-VAN-quadrado2-300x300.jpg 300w, https:\/\/projetoame.org\/home\/wp-content\/uploads\/2023\/04\/CAMPANHA-PROJETO-AME-VAN-quadrado2-150x150.jpg 150w, https:\/\/projetoame.org\/home\/wp-content\/uploads\/2023\/04\/CAMPANHA-PROJETO-AME-VAN-quadrado2-768x768.jpg 768w, https:\/\/projetoame.org\/home\/wp-content\/uploads\/2023\/04\/CAMPANHA-PROJETO-AME-VAN-quadrado2-600x600.jpg 600w, https:\/\/projetoame.org\/home\/wp-content\/uploads\/2023\/04\/CAMPANHA-PROJETO-AME-VAN-quadrado2-100x100.jpg 100w, https:\/\/projetoame.org\/home\/wp-content\/uploads\/2023\/04\/CAMPANHA-PROJETO-AME-VAN-quadrado2-96x96.jpg 96w, https:\/\/projetoame.org\/home\/wp-content\/uploads\/2023\/04\/CAMPANHA-PROJETO-AME-VAN-quadrado2.jpg 1080w\" sizes=\"auto, (max-width: 1024px) 100vw, 1024px\" \/><\/figure>\n","protected":false},"excerpt":{"rendered":"<p>Fa\u00e7a sua doa\u00e7\u00e3o aos Atendentes Muito Especiais agora mesmo atrav\u00e9s da chaves PIX: CNPJ: 32.131.752\/0001-88 admin@projetoame.org doar@projetoame.org doe@projetoame.org<\/p>\n","protected":false},"author":1,"featured_media":0,"parent":0,"menu_order":0,"comment_status":"closed","ping_status":"closed","template":"","meta":{"rop_custom_images_group":[],"rop_custom_messages_group":[],"rop_publish_now":"initial","rop_publish_now_accounts":{"facebook_10207864950338537_449425221917109":"","twitter_1016740359999754241_1016740359999754241":""},"rop_publish_now_history":[],"rop_publish_now_status":"pending","_joinchat":[],"footnotes":""},"class_list":["post-1413","page","type-page","status-publish","hentry"],"yoast_head":"<!-- This site is optimized with the Yoast SEO plugin v26.0 - https:\/\/yoast.com\/wordpress\/plugins\/seo\/ -->\n<title>Doar - Projeto A. M. E.<\/title>\n<meta name=\"robots\" content=\"index, follow, max-snippet:-1, max-image-preview:large, max-video-preview:-1\" \/>\n<link rel=\"canonical\" href=\"https:\/\/projetoame.org\/home\/doar\/\" \/>\n<meta property=\"og:locale\" content=\"pt_BR\" \/>\n<meta property=\"og:type\" content=\"article\" \/>\n<meta property=\"og:title\" content=\"Doar - Projeto A. M. E.\" \/>\n<meta property=\"og:description\" content=\"Fa\u00e7a sua doa\u00e7\u00e3o aos Atendentes Muito Especiais agora mesmo atrav\u00e9s da chaves PIX: CNPJ: 32.131.752\/0001-88 admin@projetoame.org doar@projetoame.org doe@projetoame.org\" \/>\n<meta property=\"og:url\" content=\"https:\/\/projetoame.org\/home\/doar\/\" \/>\n<meta property=\"og:site_name\" content=\"Projeto A. M. E.\" \/>\n<meta property=\"article:publisher\" content=\"https:\/\/www.facebook.com\/projetoatendentesmuitoespeciais\" \/>\n<meta property=\"article:modified_time\" content=\"2023-07-17T14:22:57+00:00\" \/>\n<meta property=\"og:image\" content=\"https:\/\/projetoame.org\/home\/wp-content\/uploads\/2023\/04\/CAMPANHA-PROJETO-AME-VAN-quadrado2-1024x1024.jpg\" \/>\n<meta name=\"twitter:card\" content=\"summary_large_image\" \/>\n<meta name=\"twitter:site\" content=\"@projetoameorg\" \/>\n<meta name=\"twitter:label1\" content=\"Est. tempo de leitura\" \/>\n\t<meta name=\"twitter:data1\" content=\"1 minuto\" \/>\n<script type=\"application\/ld+json\" class=\"yoast-schema-graph\">{\"@context\":\"https:\/\/schema.org\",\"@graph\":[{\"@type\":\"WebPage\",\"@id\":\"https:\/\/projetoame.org\/home\/doar\/\",\"url\":\"https:\/\/projetoame.org\/home\/doar\/\",\"name\":\"Doar - Projeto A. M. E.\",\"isPartOf\":{\"@id\":\"https:\/\/projetoame.org\/home\/#website\"},\"primaryImageOfPage\":{\"@id\":\"https:\/\/projetoame.org\/home\/doar\/#primaryimage\"},\"image\":{\"@id\":\"https:\/\/projetoame.org\/home\/doar\/#primaryimage\"},\"thumbnailUrl\":\"https:\/\/projetoame.org\/home\/wp-content\/uploads\/2023\/04\/CAMPANHA-PROJETO-AME-VAN-quadrado2-1024x1024.jpg\",\"datePublished\":\"2023-07-17T14:22:56+00:00\",\"dateModified\":\"2023-07-17T14:22:57+00:00\",\"breadcrumb\":{\"@id\":\"https:\/\/projetoame.org\/home\/doar\/#breadcrumb\"},\"inLanguage\":\"pt-BR\",\"potentialAction\":[{\"@type\":\"ReadAction\",\"target\":[\"https:\/\/projetoame.org\/home\/doar\/\"]}]},{\"@type\":\"ImageObject\",\"inLanguage\":\"pt-BR\",\"@id\":\"https:\/\/projetoame.org\/home\/doar\/#primaryimage\",\"url\":\"https:\/\/projetoame.org\/home\/wp-content\/uploads\/2023\/04\/CAMPANHA-PROJETO-AME-VAN-quadrado2.jpg\",\"contentUrl\":\"https:\/\/projetoame.org\/home\/wp-content\/uploads\/2023\/04\/CAMPANHA-PROJETO-AME-VAN-quadrado2.jpg\",\"width\":1080,\"height\":1080,\"caption\":\"Aproveite e doe qualquer quantia para a nossa campanha da Van para os Atendentes Muito Especiais. Chave PIX: doar@projetoame.org\"},{\"@type\":\"BreadcrumbList\",\"@id\":\"https:\/\/projetoame.org\/home\/doar\/#breadcrumb\",\"itemListElement\":[{\"@type\":\"ListItem\",\"position\":1,\"name\":\"In\u00edcio\",\"item\":\"https:\/\/projetoame.org\/home\/\"},{\"@type\":\"ListItem\",\"position\":2,\"name\":\"Doar\"}]},{\"@type\":\"WebSite\",\"@id\":\"https:\/\/projetoame.org\/home\/#website\",\"url\":\"https:\/\/projetoame.org\/home\/\",\"name\":\"Projeto A. M. E.\",\"description\":\"Inclus\u00e3o social atrav\u00e9s da capacita\u00e7\u00e3o para o trabalho\",\"publisher\":{\"@id\":\"https:\/\/projetoame.org\/home\/#organization\"},\"potentialAction\":[{\"@type\":\"SearchAction\",\"target\":{\"@type\":\"EntryPoint\",\"urlTemplate\":\"https:\/\/projetoame.org\/home\/?s={search_term_string}\"},\"query-input\":{\"@type\":\"PropertyValueSpecification\",\"valueRequired\":true,\"valueName\":\"search_term_string\"}}],\"inLanguage\":\"pt-BR\"},{\"@type\":\"Organization\",\"@id\":\"https:\/\/projetoame.org\/home\/#organization\",\"name\":\"Projeto A. M. E.\",\"url\":\"https:\/\/projetoame.org\/home\/\",\"logo\":{\"@type\":\"ImageObject\",\"inLanguage\":\"pt-BR\",\"@id\":\"https:\/\/projetoame.org\/home\/#\/schema\/logo\/image\/\",\"url\":\"https:\/\/projetoame.org\/home\/wp-content\/uploads\/2022\/05\/cropped-logoAME160-marca.png\",\"contentUrl\":\"https:\/\/projetoame.org\/home\/wp-content\/uploads\/2022\/05\/cropped-logoAME160-marca.png\",\"width\":162,\"height\":50,\"caption\":\"Projeto A. M. E.\"},\"image\":{\"@id\":\"https:\/\/projetoame.org\/home\/#\/schema\/logo\/image\/\"},\"sameAs\":[\"https:\/\/www.facebook.com\/projetoatendentesmuitoespeciais\",\"https:\/\/x.com\/projetoameorg\"]}]}<\/script>\n<!-- \/ Yoast SEO plugin. -->","yoast_head_json":{"title":"Doar - Projeto A. M. E.","robots":{"index":"index","follow":"follow","max-snippet":"max-snippet:-1","max-image-preview":"max-image-preview:large","max-video-preview":"max-video-preview:-1"},"canonical":"https:\/\/projetoame.org\/home\/doar\/","og_locale":"pt_BR","og_type":"article","og_title":"Doar - Projeto A. M. E.","og_description":"Fa\u00e7a sua doa\u00e7\u00e3o aos Atendentes Muito Especiais agora mesmo atrav\u00e9s da chaves PIX: CNPJ: 32.131.752\/0001-88 admin@projetoame.org doar@projetoame.org doe@projetoame.org","og_url":"https:\/\/projetoame.org\/home\/doar\/","og_site_name":"Projeto A. M. E.","article_publisher":"https:\/\/www.facebook.com\/projetoatendentesmuitoespeciais","article_modified_time":"2023-07-17T14:22:57+00:00","og_image":[{"url":"https:\/\/projetoame.org\/home\/wp-content\/uploads\/2023\/04\/CAMPANHA-PROJETO-AME-VAN-quadrado2-1024x1024.jpg","type":"","width":"","height":""}],"twitter_card":"summary_large_image","twitter_site":"@projetoameorg","twitter_misc":{"Est. tempo de leitura":"1 minuto"},"schema":{"@context":"https:\/\/schema.org","@graph":[{"@type":"WebPage","@id":"https:\/\/projetoame.org\/home\/doar\/","url":"https:\/\/projetoame.org\/home\/doar\/","name":"Doar - Projeto A. M. E.","isPartOf":{"@id":"https:\/\/projetoame.org\/home\/#website"},"primaryImageOfPage":{"@id":"https:\/\/projetoame.org\/home\/doar\/#primaryimage"},"image":{"@id":"https:\/\/projetoame.org\/home\/doar\/#primaryimage"},"thumbnailUrl":"https:\/\/projetoame.org\/home\/wp-content\/uploads\/2023\/04\/CAMPANHA-PROJETO-AME-VAN-quadrado2-1024x1024.jpg","datePublished":"2023-07-17T14:22:56+00:00","dateModified":"2023-07-17T14:22:57+00:00","breadcrumb":{"@id":"https:\/\/projetoame.org\/home\/doar\/#breadcrumb"},"inLanguage":"pt-BR","potentialAction":[{"@type":"ReadAction","target":["https:\/\/projetoame.org\/home\/doar\/"]}]},{"@type":"ImageObject","inLanguage":"pt-BR","@id":"https:\/\/projetoame.org\/home\/doar\/#primaryimage","url":"https:\/\/projetoame.org\/home\/wp-content\/uploads\/2023\/04\/CAMPANHA-PROJETO-AME-VAN-quadrado2.jpg","contentUrl":"https:\/\/projetoame.org\/home\/wp-content\/uploads\/2023\/04\/CAMPANHA-PROJETO-AME-VAN-quadrado2.jpg","width":1080,"height":1080,"caption":"Aproveite e doe qualquer quantia para a nossa campanha da Van para os Atendentes Muito Especiais. Chave PIX: doar@projetoame.org"},{"@type":"BreadcrumbList","@id":"https:\/\/projetoame.org\/home\/doar\/#breadcrumb","itemListElement":[{"@type":"ListItem","position":1,"name":"In\u00edcio","item":"https:\/\/projetoame.org\/home\/"},{"@type":"ListItem","position":2,"name":"Doar"}]},{"@type":"WebSite","@id":"https:\/\/projetoame.org\/home\/#website","url":"https:\/\/projetoame.org\/home\/","name":"Projeto A. M. E.","description":"Inclus\u00e3o social atrav\u00e9s da capacita\u00e7\u00e3o para o trabalho","publisher":{"@id":"https:\/\/projetoame.org\/home\/#organization"},"potentialAction":[{"@type":"SearchAction","target":{"@type":"EntryPoint","urlTemplate":"https:\/\/projetoame.org\/home\/?s={search_term_string}"},"query-input":{"@type":"PropertyValueSpecification","valueRequired":true,"valueName":"search_term_string"}}],"inLanguage":"pt-BR"},{"@type":"Organization","@id":"https:\/\/projetoame.org\/home\/#organization","name":"Projeto A. M. E.","url":"https:\/\/projetoame.org\/home\/","logo":{"@type":"ImageObject","inLanguage":"pt-BR","@id":"https:\/\/projetoame.org\/home\/#\/schema\/logo\/image\/","url":"https:\/\/projetoame.org\/home\/wp-content\/uploads\/2022\/05\/cropped-logoAME160-marca.png","contentUrl":"https:\/\/projetoame.org\/home\/wp-content\/uploads\/2022\/05\/cropped-logoAME160-marca.png","width":162,"height":50,"caption":"Projeto A. M. E."},"image":{"@id":"https:\/\/projetoame.org\/home\/#\/schema\/logo\/image\/"},"sameAs":["https:\/\/www.facebook.com\/projetoatendentesmuitoespeciais","https:\/\/x.com\/projetoameorg"]}]}},"_links":{"self":[{"href":"https:\/\/projetoame.org\/home\/wp-json\/wp\/v2\/pages\/1413","targetHints":{"allow":["GET"]}}],"collection":[{"href":"https:\/\/projetoame.org\/home\/wp-json\/wp\/v2\/pages"}],"about":[{"href":"https:\/\/projetoame.org\/home\/wp-json\/wp\/v2\/types\/page"}],"author":[{"embeddable":true,"href":"https:\/\/projetoame.org\/home\/wp-json\/wp\/v2\/users\/1"}],"replies":[{"embeddable":true,"href":"https:\/\/projetoame.org\/home\/wp-json\/wp\/v2\/comments?post=1413"}],"version-history":[{"count":1,"href":"https:\/\/projetoame.org\/home\/wp-json\/wp\/v2\/pages\/1413\/revisions"}],"predecessor-version":[{"id":1414,"href":"https:\/\/projetoame.org\/home\/wp-json\/wp\/v2\/pages\/1413\/revisions\/1414"}],"wp:attachment":[{"href":"https:\/\/projetoame.org\/home\/wp-json\/wp\/v2\/media?parent=1413"}],"curies":[{"name":"wp","href":"https:\/\/api.w.org\/{rel}","templated":true}]}}